18
Calculate the greatest common divisor of 33127 and 981250.
157
Calculate the highest common divisor of 1279 and 88329019.
1279
Calculate the highest common factor of 50365 and 1217394.
1439
Calculate the greatest common factor of 303 and 30570.
3
Calculate the highest common factor of 15460 and 71860.
20
Calculate the greatest common factor of 1042860 and 1372.
28
Calculate the greatest common divisor of 1958236 and 1372.
196
Calculate the highest common factor of 3008 and 43396228.
188
Calculate the greatest common factor of 103 and 61396858.
103
What is the greatest common divisor of 81 and 2134683?
9
What is the greatest common divisor of 716274 and 3276?
234
Calculate the greatest common divisor of 4321 and 924914371.
4321
Calculate the greatest common divisor of 910676 and 2954.
422
Calculate the highest common factor of 2198989 and 7137.
793
Calculate the greatest common divisor of 52 and 962392.
4
What is the greatest common factor of 151545 and 46635?
15
Calculate the highest common factor of 5303139 and 1581.
93
Calculate the highest common factor of 370 and 3753095.
185
What is the greatest common divisor of 12621 and 46788?
21
Calculate the highest common factor of 5 and 4403435.
5
Calculate the highest common divisor of 3503765 and 130315.
335
Calculate the highest common divisor of 26690622 and 21539.
1267
What is the highest common divisor of 180316 and 384544?
244
What is the greatest common factor of 31464 and 4336236?
828
What is the greatest common divisor of 26180 and 95977?
7
What is the highest common factor of 6806884 and 700?
28
What is the greatest common factor of 1614015260 and 7370?
7370
Calculate the highest common factor of 2030 and 40603045.
1015
Calculate the highest common factor of 1791480 and 29280.
120
Calculate the highest common factor of 238497 and 12.
3
What is the greatest common divisor of 243 and 4941756?
27
Calculate the highest common factor of 3267381 and 8955.
597
What is the greatest common factor of 10 and 184753535?
5
What is the highest common factor of 113204344 and 276?
92
Calculate the greatest common divisor of 2039394 and 294.
42
What is the greatest common factor of 224 and 8651704?
8
Calculate the greatest common divisor of 4610575 and 3164425.
7775
Calculate the greatest common factor of 269918 and 385.
11
What is the highest common divisor of 18122760 and 6930?
90
Calculate the highest common factor of 13380026 and 4.
2
What is the highest common factor of 933441 and 7936?
31
What is the highest common factor of 53250 and 76254?
426
What is the greatest common factor of 4313 and 761805?
19
What is the highest common factor of 216 and 142608?
24
Calculate the greatest common divisor of 37 and 1553.
1
Calculate the greatest common factor of 1702480 and 30160.
1040
Calculate the greatest common divisor of 4254446 and 422.
2
Calculate the greatest common divisor of 181138 and 84132.
82
Calculate the greatest common factor of 17375 and 1415500.
125
What is the highest common factor of 66920400 and 4800?
1200
What is the greatest common factor of 65835 and 7898737?
1463
Calculate the highest common factor of 123187853 and 1769.
1769
What is the highest common factor of 16521583 and 1482?
247
Calculate the highest common factor of 3132 and 4503294.
522
What is the greatest common factor of 17755137 and 7641?
2547
What is the greatest common divisor of 2825604 and 5848?
68
What is the greatest common factor of 26361288 and 255?
51
Calculate the greatest common factor of 3625856 and 884.
52
What is the highest common divisor of 6 and 191509?
1
What is the highest common factor of 107315 and 75565?
635
What is the highest common factor of 459 and 132039?
153
Calculate the greatest common factor of 169147 and 2893.
11
Calculate the greatest common factor of 76 and 51248.
4
What is the greatest common divisor of 54712461 and 1556?
389
What is the highest common factor of 131748 and 8808?
12
Calculate the greatest common divisor of 92896 and 2853649.
2903
Calculate the greatest common divisor of 15818 and 472637.
11
Calculate the highest common factor of 321211910 and 13170.
4390
What is the greatest common divisor of 9586708 and 5780?
1156
Calculate the highest common divisor of 1449 and 13652685.
207
What is the highest common factor of 3267864 and 1080?
216
What is the greatest common factor of 26730 and 319140?
810
What is the greatest common factor of 218192 and 275887?
1049
What is the highest common factor of 763380 and 1444?
4
What is the greatest common divisor of 10026806 and 3725?
149
Calculate the greatest common divisor of 141 and 962510133.
141
Calculate the highest common divisor of 1512 and 27982773.
189
What is the greatest common divisor of 520 and 2339090?
130
What is the highest common factor of 456919 and 144353?
1193
What is the highest common factor of 69020 and 8719640?
340
Calculate the highest common factor of 52660 and 491.
1
Calculate the greatest common divisor of 54454 and 8246.
38
Calculate the greatest common divisor of 26841447 and 56736.
1773
What is the highest common factor of 1185474 and 19803?
123
Calculate the highest common divisor of 11425500 and 194625.
1125
Calculate the highest common factor of 116337 and 2179281.
741
What is the greatest common divisor of 281100 and 5050?
50
Calculate the greatest common divisor of 7915079 and 5.
1
Calculate the greatest common factor of 126 and 2204860.
14
What is the greatest common factor of 154 and 1398355?
7
Calculate the highest common divisor of 16224 and 2321857200.
8112
Calculate the highest common divisor of 3644 and 1058476324.
3644
What is the greatest common divisor of 269224 and 1298176?
3688
Calculate the highest common factor of 2884 and 412916.
28
Calculate the highest common factor of 89 and 8525221.
89
What is the greatest common divisor of 8165127 and 3916?
89
Calculate the greatest common factor of 4165084 and 3696.
308
Calculate the highest common factor of 29952 and 32123.
13
Calculate the highest common divisor of 12545 and 210275.
65
Calculate the greatest common factor of 1582084 and 196.
28
Calculate the greatest common divisor of 208 and 8820344.
104
What is the highest common factor of 5019 and 431424?
21
What is the highest common divisor of 317243 and 483151?
1121
What is the greatest common divisor of 8930 and 168720?
190
Calculate the highest common factor of 50366877 and 165.
33
Calculate the greatest common divisor of 81 and 91762173.
27
Calculate the highest common divisor of 11458 and 785337049.
5729
What is the greatest common divisor of 493 and 603024?
17
What is the highest common factor of 871 and 10158031?
13
Calculate the greatest common divisor of 3740 and 23493184.
748
Calculate the greatest common factor of 306 and 2825621.
17
Calculate the greatest common divisor of 16198908 and 6996.
132
Calculate the highest common factor of 263109 and 4866411.
2211
Calculate the highest common divisor of 9 and 139961.
1
Calculate the highest common divisor of 1931864 and 11.
11
What is the greatest common factor of 53923795 and 5?
5
What is the highest common divisor of 628843 and 3059?
437
What is the highest common factor of 16640096 and 57024?
352
Calculate the greatest common factor of 4590 and 954414306.
918
Calculate the highest common divisor of 1312596 and 10944.
684
Calculate the highest common divisor of 588526 and 1316774.
4234
Calculate the greatest common factor of 1190 and 2341155.
85
Calculate the highest common factor of 561600 and 8528.
208
Calculate the greatest common divisor of 30170518 and 1064.
266
Calculate the greatest common factor of 4058502 and 15904.
994
What is the greatest common factor of 171809 and 737?
11
Calculate the greatest common factor of 2040 and 176840.
40
What is the greatest common divisor of 12395943 and 189?
189
Calculate the highest common factor of 53054 and 3540842.
82
What is the greatest common divisor of 5576 and 1656854?
34
Calculate the greatest common divisor of 69283214 and 2002.
2002
What is the greatest common divisor of 15352500 and 23?
23
Calculate the highest common divisor of 12 and 307462140.
12
Calculate the greatest common divisor of 3284920 and 19844.
164
What is the highest common divisor of 10015 and 654041593?
200